f 13387?
False
Is 8 a factor of 153?
False
Is 1110 a multiple of 30?
True
Does 13 divide 7839?
True
Is 4044 a multiple of 12?
True
Is 425 a multiple of 25?
True
Does 10 divide 12521?
False
Is 550 even?
True
Does 53 divide 1451?
False
Is 18850 a multiple of 3?
False
Is 814 a multiple of 26?
False
Is 110 a multiple of 55?
True
Is 16377 a multiple of 103?
True
Does 22 divide 686?
False
Is 6339 a multiple of 49?
False
Does 14 divide 28066?
False
Is 462 a multiple of 18?
False
Is 28192 a multiple of 32?
True
Is 1204 a multiple of 15?
False
Is 1690 a multiple of 65?
True
Is 30188 a multiple of 116?
False
Does 193 divide 1013?
False
Does 17 divide 40919?
True
Is 543 a multiple of 72?
False
Is 94 a factor of 2068?
True
Does 23 divide 11753?
True
Is 154 a multiple of 2?
True
Does 33 divide 363?
True
Is 10296 a multiple of 117?
True
Does 15 divide 4080?
True
Is 44 a factor of 2596?
True
Does 10 divide 1490?
True
Is 352 a multiple of 11?
True
Is 23 a factor of 483?
True
Is 4 a factor of 314?
False
Is 2923 a multiple of 37?
True
Is 111 a factor of 101328?
False
Is 161 a multiple of 2?
False
Does 154 divide 5698?
True
Does 14 divide 3258?
False
Is 1232 a multiple of 77?
True
Is 120 a factor of 5520?
True
Is 118 a factor of 5684?
False
Does 38 divide 456?
True
Does 8 divide 2181?
False
Is 33 a factor of 1031?
False
Is 11 a factor of 517?
True
Does 16 divide 3215?
False
Is 3608 a multiple of 17?
False
Is 1755 a multiple of 45?
True
Does 17 divide 323?
True
Does 42 divide 3892?
False
Is 30 a factor of 3085?
False
Does 129 divide 10836?
True
Does 23 divide 1558?
False
Is 1506 a multiple of 6?
True
Is 8 a factor of 544?
True
Is 4 a factor of 3165?
False
Is 39 a factor of 12801?
False
Is 184 a multiple of 8?
True
Is 96807 a multiple of 12?
False
Is 2741 a multiple of 116?
False
Does 13 divide 4851?
False
Is 3120 a multiple of 15?
True
Is 28 a factor of 30371?
False
Does 19 divide 70153?
False
Does 3 divide 2402?
False
Is 6224 a multiple of 16?
True
Does 51 divide 38097?
True
Does 14 divide 1148?
True
Is 22 a factor of 4883?
False
Is 8 a factor of 74?
False
Is 19233 a multiple of 14?
False
Does 283 divide 142066?
True
Is 30690 a multiple of 13?
False
Does 16 divide 5698?
False
Is 63 a multiple of 2?
False
Is 46 a factor of 644?
True
Does 45 divide 1080?
True
Does 14 divide 3318?
True
Is 6 a factor of 81?
False
Is 184 a multiple of 7?
False
Is 2820 a multiple of 12?
True
Is 225 a factor of 20979?
False
Is 2788 a multiple of 17?
True
Does 15 divide 12600?
True
Is 39 a factor of 3244?
False
Is 21808 a multiple of 29?
True
Does 6 divide 15026?
False
Does 6 divide 5448?
True
Is 4070 a multiple of 22?
True
Is 18 a factor of 18915?
False
Does 18 divide 1186?
False
Is 272 a factor of 90649?
False
Is 17 a factor of 6459?
False
Is 34 a factor of 1836?
True
Does 11 divide 309?
False
Is 831 a multiple of 17?
False
Does 3 divide 2707?
False
Does 8 divide 144?
True
Does 26 divide 1872?
True
Is 6 a factor of 34154?
False
Is 49850 a multiple of 5?
True
Is 307 a multiple of 23?
False
Is 27 a factor of 6237?
True
Does 21 divide 24022?
False
Is 7 a factor of 2297?
False
Is 5390 a multiple of 154?
True
Does 21 divide 144?
False
Does 11 divide 1100?
True
Is 9 a factor of 468?
True
Does 26 divide 1095?
False
Is 155 even?
False
Is 6411 a multiple of 6?
False
Does 6 divide 462?
True
Does 34 divide 2073?
False
Does 20 divide 725?
False
Does 25 divide 2750?
True
Is 64 a factor of 50211?
False
Is 15376 a multiple of 9?
False
Is 38 a factor of 1102?
True
Does 5 divide 2390?
True
Is 11 a factor of 11671?
True
Does 36 divide 1188?
True
Is 5355 a multiple of 62?
False
Does 11 divide 29227?
True
Does 12 divide 3235?
False
Is 5881 a multiple of 14?
False
Is 413 a multiple of 210?
False
Is 65 a factor of 1365?
True
Does 142 divide 16660?
False
Does 70 divide 4021?
False
Is 4563 a multiple of 27?
True
Does 77 divide 1155?
True
Is 1331 a multiple of 9?
False
Is 253 a multiple of 23?
True
Is 12727 a multiple of 89?
True
Is 16 a factor of 281?
False
Is 13052 a multiple of 69?
False
Is 3 a factor of 189?
True
Does 89 divide 13182?
False
Does 84 divide 64815?
False
Is 15 a factor of 22800?
True
Is 44 a factor of 1422?
False
Does 87 divide 28536?
True
Does 77 divide 1001?
True
Is 54376 a multiple of 14?
True
Is 18 a factor of 18072?
True
Is 73 a factor of 292?
True
Does 240 divide 22320?
True
Is 7238 a multiple of 20?
False
Is 4145 a multiple of 13?
False
Is 14352 a multiple of 138?
True
Does 6 divide 3056?
False
Is 1540 a multiple of 22?
True
Is 39390 a multiple of 390?
True
Is 12 a factor of 14712?
True
Is 42 a factor of 1680?
True
Does 70 divide 2317?
False
Is 27552 a multiple of 8?
True
Does 16 divide 6184?
False
Is 74 a multiple of 6?
False
Is 3 a factor of 48?
True
Is 25256 a multiple of 164?
True
Is 434 a multiple of 31?
True
Does 15 divide 9477?
False
Is 77 a factor of 58600?
False
Is 2270 a multiple of 14?
False
Is 5872 a multiple of 18?
False
Is 10 a factor of 470?
True
Is 31500 a multiple of 75?
True
Is 68 a factor of 408?
True
Is 4556 a multiple of 17?
True
Is 509 a multiple of 19?
False
Is 43 a factor of 1032?
True
Is 76 a factor of 5203?
False
Does 22 divide 497?
False
Is 41790 a multiple of 10?
True
Is 18 a factor of 2971?
False
Is 435 a multiple of 5?
True
Is 3634 a multiple of 79?
True
Does 8 divide 104?
True
Is 586 a multiple of 23?
False
Is 154 a factor of 3850?
True
Does 15 divide 2161?
False
Does 9 divide 439?
False
Is 275 a multiple of 11?
True
Is 7 a factor of 3682?
True
Does 52 divide 3952?
True
Is 5278 a multiple of 29?
True
Does 14 divide 21875?
False
Does 120 divide 43080?
True
Is 27 a factor of 3840?
False
Is 7489 a multiple of 28?
False
Does 13 divide 53381?
False
Does 50 divide 250?
True
Is 367 a multiple of 26?
False
Does 22 divide 1690?
False
Is 62 a factor of 2108?
True
Is 17 a factor of 1904?
True
Is 38 a multiple of 5?
False
Is 166 a factor of 32370?
True
Is 21 a factor of 2547?
False
Is 36468 a multiple of 12?
True
Does 40 divide 94?
False
Is 4060 a multiple of 36?
False
Is 102 a factor of 918?
True
Does 170 divide 10541?
False
Is 355 a multiple of 8?
False
Is 3 a factor of 657?
True
Is 94 a factor of 12883?
False
Is 12 a factor of 61367?
False
Is 406 a multiple of 24?
False
Is 10864 a multiple of 16?
True
Is 8340 a multiple of 221?
False
Does 11 divide 737?
True
Is 888 a multiple of 6?
True
Is 164 a multiple of 2?
True
Is 22 a factor of 22924?
True
Does 125 divide 2000?
True
Is 9 a factor of 93682?
False
Does 6 divide 8111?
False
Does 55 divide 26840?
True
Does 73 divide 6059?
True
Is 152 a factor of 21641?
False
Is 479 a multiple of 19?
False
Is 3 a factor of 13044?
True
Is 24910 a multiple of 260?
False
Does 263 divide 674?
False
Is 9933 a multiple of 77?
True
Is 6409 a multiple of 172?
False
Is 22412 a multiple of 109?
False
Is 2720 a multiple of 34?
True
Is 32596 a multiple of 116?
True
Is 992 a multiple of 26?
False
Is 41 a factor of 19393?
True
Is 558 a multiple of 21?
False
Is 114 a factor of 88131?
False
Is 37139 a multiple of 60?
False
Is 14 a factor of 104538?
True
Does 14 divide 158?
False
Does 36 divide 216?
True
Is 12 a factor of 43436?
False
Is 127 a multiple of 6?
False
Is 53 a factor of 15688?
True
Is 8464 a multiple of 4?
True
Does 20 divide 37320?
True
Is 12 a factor of 736?
False
Is 2497 a multiple of 73?
False
Is 678 a multiple of 5?
False
Is 43 a factor of 1247?
True
Does 12 divide 6338?
False
Is 145 a factor of 17980?
True
Is 954 a multiple of 27?
False
Does 33 divide 13544?
False
Is 44021 a multiple of 115?
False
Does 26 divide 712?
False
Does 96 divide 5459?
False
Does 24 divide 696?
True
Is 387 a multiple of 43?
True
Is 11 a factor of 1773?
False
Is 49 a factor of 4410?
True
Is 942 a multiple of 3?
True
Is 6792 a multiple of 12?
True
Does 18 divide 972?
True
Does 22 divide 41897?
False
Is 72 a multiple of 20?
False
Does 63 divide 1260?
True
Is 16 a factor of 7008?
True
Is 1005 a multiple of 7?
False
Is 7 a factor of 385?
True
Is 328 a multiple of 8?
True
Is 12 a factor of 1200?
True
Is 1194 a multiple of 45?
False
Is 13 a factor of 75010?
True
Does 13 divide 5382?
True
Does 17 divide 807?
False
Is 60466 a multiple of 61?
False
Does 2 divide 34?
True
Is 29028 a multiple of 246?
True
Is 196 a multiple of 7?
True
Is 49840 a multiple of 178?